{"id":250,"date":"2023-11-26T03:02:25","date_gmt":"2023-11-26T06:02:25","guid":{"rendered":"http:\/\/coraf.org.br\/?page_id=250"},"modified":"2023-11-27T16:44:22","modified_gmt":"2023-11-27T19:44:22","slug":"perguntas-frequentes","status":"publish","type":"page","link":"https:\/\/coraf.org.br\/index.php\/perguntas-frequentes\/","title":{"rendered":"Perguntas Frequentes"},"content":{"rendered":"\n<div class=\"wp-block-group is-layout-constrained wp-block-group-is-layout-constrained\" style=\"padding-top:var(--wp--preset--spacing--50);padding-bottom:var(--wp--preset--spacing--50)\">\n<h2 class=\"wp-block-heading has-text-align-center\">Perguntas Frequentes<\/h2>\n<\/div>\n\n\n\n<div class=\"wp-block-group is-layout-constrained wp-block-group-is-layout-constrained\" style=\"padding-top:var(--wp--preset--spacing--50);padding-bottom:var(--wp--preset--spacing--50)\">\n<div class=\"wp-block-columns is-layout-flex wp-container-core-columns-is-layout-1 wp-block-columns-is-layout-flex\">\n<div class=\"wp-block-column is-layout-flow wp-block-column-is-layout-flow\" style=\"flex-basis:100%\">\n<div class=\"wp-block-faq-block-for-gutenberg-faq\" style=\"background:#f6f7f7\"><div class=\"question\" style=\"background:none;color:#000\"><h4 style=\"color:#000\">N\u00e3o recebi meu e-mail de confirma\u00e7\u00e3o de inscri\u00e7\u00e3o. E agora?<\/h4><\/div><div class=\"answer\" style=\"background:none;color:#000\">Primeiramente, verifique suas pastas de Spam ou Lixo Eletr\u00f4nico. Caso n\u00e3o esteja l\u00e1, entre em contato com o contato@coraf.org.br com o seguinte assunto de e-mail: CONFIRMA\u00c7\u00c3O DE INSCRI\u00c7\u00c3O N\u00c3O RECEBIDA \u2013 SEU NOME. Em at\u00e9 24 horas \u00fateis estaremos respondendo seu e-mail.<\/div><\/div>\n\n\n\n<div class=\"wp-block-faq-block-for-gutenberg-faq\" style=\"background:#f6f7f7\"><div class=\"question\" style=\"background:none;color:#000\"><h4 style=\"color:#000\">Existe carga hor\u00e1ria m\u00ednima de participa\u00e7\u00e3o para receber o certificado?<\/h4><\/div><div class=\"answer\" style=\"background:none;color:#000\">Sim. Para receber o certificado o participante deve assistir a pelo menos 70% do evento.<\/div><\/div>\n\n\n\n<div class=\"wp-block-faq-block-for-gutenberg-faq\" style=\"background:#f6f7f7\"><div class=\"question\" style=\"background:none;color:#000\"><h4 style=\"color:#000\">Qual o p\u00fablico-alvo do evento?<\/h4><\/div><div class=\"answer\" style=\"background:none;color:#000\">O I Congresso Rondoniense de Assist\u00eancia Farmac\u00eautica \u00e9 destinado a profissionais de n\u00edvel superior atuantes no Sistema \u00danico de Sa\u00fade e estudantes de gradua\u00e7\u00e3o.<\/div><\/div>\n\n\n\n<div class=\"wp-block-faq-block-for-gutenberg-faq\" style=\"background:#f6f7f7\"><div class=\"question\" style=\"background:none;color:#000\"><h4 style=\"color:#000\">Vou conseguir assistir ao evento de forma virtual?<\/h4><\/div><div class=\"answer\" style=\"background:none;color:#000\">N\u00e3o, o evento ser\u00e1 conduzido somente no formato presencial.<\/div><\/div>\n\n\n\n<div class=\"wp-block-faq-block-for-gutenberg-faq\" style=\"background:#f6f7f7\"><div class=\"question\" style=\"background:none;color:#000\"><h4 style=\"color:#000\">Quanto custa para participar do I Congresso Rondoniense de Assist\u00eancia Farmac\u00eautica?<\/h4><\/div><div class=\"answer\" style=\"background:none;color:#000\">O I Congresso Rondoniense de Assist\u00eancia Farmac\u00eautica \u00e9 100% gratuito para sua participa\u00e7\u00e3o. Basta realizar a sua inscri\u00e7\u00e3o, para participar do evento, sem qualquer tipo de cobran\u00e7a.<\/div><\/div>\n\n\n\n<div class=\"wp-block-faq-block-for-gutenberg-faq\" style=\"background:#f6f7f7\"><div class=\"question\" style=\"background:none;color:#000\"><h4 style=\"color:#000\">Haver\u00e1 submiss\u00e3o de trabalhos para apresenta\u00e7\u00e3o no I Congresso Rondoniense de Assist\u00eancia Farmac\u00eautica?<\/h4><\/div><div class=\"answer\" style=\"background:none;color:#000\">N\u00e3o, n\u00e3o haver\u00e1 submiss\u00e3o de resumos para este evento esse ano.<\/div><\/div>\n\n\n\n<div class=\"wp-block-faq-block-for-gutenberg-faq\" style=\"background:#f6f7f7\"><div class=\"question\" style=\"background:none;color:#000\"><h4 style=\"color:#000\">Quem est\u00e1 promovendo o I Congresso Rondoniense de Assist\u00eancia Farmac\u00eautica?<\/h4><\/div><div class=\"answer\" style=\"background:none;color:#000\">O I Congresso Rondoniense de Assist\u00eancia Farmac\u00eautica est\u00e1 sendo promovido pela Associa\u00e7\u00e3o do Curso de P\u00f3s-gradua\u00e7\u00e3o em Medicina em Sa\u00fade, uma institui\u00e7\u00e3o sem fins lucrativos fundada em 1997 por professores do Curso de P\u00f3s-Gradua\u00e7\u00e3o em Medicina e Sa\u00fade da Universidade Federal da Bahia. A institui\u00e7\u00e3o tem como miss\u00e3o promover, incentivar e divulgar pesquisas cient\u00edficas nas \u00e1reas de medicina e sa\u00fade no \u00e2mbito do SUS e tamb\u00e9m promover eventos de car\u00e1ter t\u00e9cnico, cient\u00edfico e educacional sobre assuntos pertinentes \u00e0 \u00e1rea da sa\u00fade. O Congresso conta com o apoio cient\u00edfico da Secretaria da Sa\u00fade do Estado de Rond\u00f4nia.<\/div><\/div>\n<\/div>\n<\/div>\n<\/div>\n\n\n\n<hr class=\"wp-block-separator aligncenter has-alpha-channel-opacity\"\/>\n","protected":false},"excerpt":{"rendered":"<p>Perguntas Frequentes<\/p>\n","protected":false},"author":1,"featured_media":0,"parent":0,"menu_order":0,"comment_status":"closed","ping_status":"closed","template":"","meta":{"_editorskit_title_hidden":false,"_editorskit_reading_time":0,"_editorskit_is_block_options_detached":false,"_editorskit_block_options_position":"{}","site-sidebar-layout":"default","site-content-layout":"","ast-site-content-layout":"","site-content-style":"default","site-sidebar-style":"default","ast-global-header-display":"","ast-banner-title-visibility":"","ast-main-header-display":"","ast-hfb-above-header-display":"","ast-hfb-below-header-display":"","ast-hfb-mobile-header-display":"","site-post-title":"disabled","ast-breadcrumbs-content":"","ast-featured-img":"","footer-sml-layout":"","theme-transparent-header-meta":"","adv-header-id-meta":"","stick-header-meta":"","header-above-stick-meta":"","header-main-stick-meta":"","header-below-stick-meta":"","astra-migrate-meta-layouts":"","ast-page-background-enabled":"default","ast-page-background-meta":{"desktop":{"background-color":"var(--ast-global-color-4)","background-image":"","background-repeat":"repeat","background-position":"center center","background-size":"auto","background-attachment":"scroll","background-type":"","background-media":"","overlay-type":"","overlay-color":"","overlay-opacity":"","overlay-gradient":""},"tablet":{"background-color":"","background-image":"","background-repeat":"repeat","background-position":"center center","background-size":"auto","background-attachment":"scroll","background-type":"","background-media":"","overlay-type":"","overlay-color":"","overlay-opacity":"","overlay-gradient":""},"mobile":{"background-color":"","background-image":"","background-repeat":"repeat","background-position":"center center","background-size":"auto","background-attachment":"scroll","background-type":"","background-media":"","overlay-type":"","overlay-color":"","overlay-opacity":"","overlay-gradient":""}},"ast-content-background-meta":{"desktop":{"background-color":"var(--ast-global-color-5)","background-image":"","background-repeat":"repeat","background-position":"center center","background-size":"auto","background-attachment":"scroll","background-type":"","background-media":"","overlay-type":"","overlay-color":"","overlay-opacity":"","overlay-gradient":""},"tablet":{"background-color":"var(--ast-global-color-5)","background-image":"","background-repeat":"repeat","background-position":"center center","background-size":"auto","background-attachment":"scroll","background-type":"","background-media":"","overlay-type":"","overlay-color":"","overlay-opacity":"","overlay-gradient":""},"mobile":{"background-color":"var(--ast-global-color-5)","background-image":"","background-repeat":"repeat","background-position":"center center","background-size":"auto","background-attachment":"scroll","background-type":"","background-media":"","overlay-type":"","overlay-color":"","overlay-opacity":"","overlay-gradient":""}},"footnotes":""},"aioseo_notices":[],"class_list":["post-250","page","type-page","status-publish","hentry"],"_links":{"self":[{"href":"https:\/\/coraf.org.br\/index.php\/wp-json\/wp\/v2\/pages\/250"}],"collection":[{"href":"https:\/\/coraf.org.br\/index.php\/wp-json\/wp\/v2\/pages"}],"about":[{"href":"https:\/\/coraf.org.br\/index.php\/wp-json\/wp\/v2\/types\/page"}],"author":[{"embeddable":true,"href":"https:\/\/coraf.org.br\/index.php\/wp-json\/wp\/v2\/users\/1"}],"replies":[{"embeddable":true,"href":"https:\/\/coraf.org.br\/index.php\/wp-json\/wp\/v2\/comments?post=250"}],"version-history":[{"count":6,"href":"https:\/\/coraf.org.br\/index.php\/wp-json\/wp\/v2\/pages\/250\/revisions"}],"predecessor-version":[{"id":392,"href":"https:\/\/coraf.org.br\/index.php\/wp-json\/wp\/v2\/pages\/250\/revisions\/392"}],"wp:attachment":[{"href":"https:\/\/coraf.org.br\/index.php\/wp-json\/wp\/v2\/media?parent=250"}],"curies":[{"name":"wp","href":"https:\/\/api.w.org\/{rel}","templated":true}]}}