{"id":248,"date":"2023-11-26T02:50:29","date_gmt":"2023-11-26T05:50:29","guid":{"rendered":"http:\/\/coraf.org.br\/?page_id=248"},"modified":"2023-11-27T16:43:35","modified_gmt":"2023-11-27T19:43:35","slug":"oficina","status":"publish","type":"page","link":"https:\/\/coraf.org.br\/index.php\/oficina\/","title":{"rendered":"Oficina"},"content":{"rendered":"\n<div class=\"wp-block-group is-layout-constrained wp-block-group-is-layout-constrained\" style=\"padding-top:var(--wp--preset--spacing--50);padding-bottom:var(--wp--preset--spacing--50)\">\n<h2 class=\"wp-block-heading has-text-align-center\">Oficina<\/h2>\n<\/div>\n\n\n\n<div class=\"wp-block-group is-layout-constrained wp-block-group-is-layout-constrained\" style=\"padding-top:var(--wp--preset--spacing--50);padding-bottom:var(--wp--preset--spacing--50)\">\n<p class=\"has-text-align-justify\">A Oficina reunir\u00e1 profissionais de sa\u00fade e gestores da Rede de Aten\u00e7\u00e3o de Sa\u00fade do estado de Rond\u00f4nia, representantes do Conselho Estadual de Sa\u00fade e Conselho de Secretarias Municipais de Sa\u00fade de Rond\u00f4nia com os seguintes objetivos: <\/p>\n\n\n\n<p class=\"has-text-align-justify\"><br>i. Identificar a (s) forma (s) que a Assist\u00eancia Farmac\u00eautica assume no cotidiano dos servi\u00e7os de sa\u00fade do estado de Rond\u00f4nia, isto \u00e9, conhecer como se d\u00e1 sua organiza\u00e7\u00e3o no conjunto da aten\u00e7\u00e3o \u00e0 sa\u00fade prestada aos usu\u00e1rios; <br>ii. compreender os principais desafios para qualifica\u00e7\u00e3o do acesso a medicamentos na Redes de Aten\u00e7\u00e3o \u00e0 Sa\u00fade do Estado de Rond\u00f4nia; <br>iii. Propor solu\u00e7\u00f5es para os principais desafios apontados; <br>iv. Coletar contribui\u00e7\u00f5es de diferentes profissionais das Rede para constru\u00e7\u00e3o da Pol\u00edtica Estadual de Assist\u00eancia Farmac\u00eautica.<\/p>\n\n\n\n<p class=\"has-text-align-justify\"><br>A Oficina ser\u00e1 desenvolvida utilizando a metodologia participativa construtivista. Nesse sentido, ser\u00e1 oportunizado um espa\u00e7o para questionamentos, cr\u00edticas, discuss\u00f5es, reflex\u00f5es e proposi\u00e7\u00f5es com a participa\u00e7\u00e3o ativa dos atores envolvidos.<\/p>\n\n\n\n<p class=\"has-text-align-justify\">A Oficina ser\u00e1 moderada por representantes da Coordenadoria de Gest\u00e3o e Assist\u00eancia Farmac\u00eautica da SESAU, C\u00e2mara T\u00e9cnica de Assist\u00eancia Farmac\u00eautica do Conselho Nacional de Secret\u00e1rios de Sa\u00fade (CONASS) e do Conselho Nacional de Secretarias Municipais de Sa\u00fade (CONASEMS).<\/p>\n\n\n\n<p class=\"has-text-align-justify\">Ao final da atividade ser\u00e1 elaborada uma carta proposta que ser\u00e1 encaminhada para o secret\u00e1rio da SESAU.<\/p>\n<\/div>\n\n\n\n<hr class=\"wp-block-separator aligncenter has-alpha-channel-opacity\"\/>\n","protected":false},"excerpt":{"rendered":"<p>Oficina A Oficina reunir\u00e1 profissionais de sa\u00fade e gestores da Rede de Aten\u00e7\u00e3o de Sa\u00fade do estado de Rond\u00f4nia, representantes do Conselho Estadual de Sa\u00fade e Conselho de Secretarias Municipais de Sa\u00fade de Rond\u00f4nia com os seguintes objetivos: i. Identificar a (s) forma (s) que a Assist\u00eancia Farmac\u00eautica assume no cotidiano dos servi\u00e7os de sa\u00fade [&hellip;]<\/p>\n","protected":false},"author":1,"featured_media":0,"parent":0,"menu_order":0,"comment_status":"closed","ping_status":"closed","template":"","meta":{"_editorskit_title_hidden":false,"_editorskit_reading_time":0,"_editorskit_is_block_options_detached":false,"_editorskit_block_options_position":"{}","site-sidebar-layout":"default","site-content-layout":"","ast-site-content-layout":"","site-content-style":"default","site-sidebar-style":"default","ast-global-header-display":"","ast-banner-title-visibility":"","ast-main-header-display":"","ast-hfb-above-header-display":"","ast-hfb-below-header-display":"","ast-hfb-mobile-header-display":"","site-post-title":"disabled","ast-breadcrumbs-content":"","ast-featured-img":"","footer-sml-layout":"","theme-transparent-header-meta":"","adv-header-id-meta":"","stick-header-meta":"","header-above-stick-meta":"","header-main-stick-meta":"","header-below-stick-meta":"","astra-migrate-meta-layouts":"","ast-page-background-enabled":"default","ast-page-background-meta":{"desktop":{"background-color":"var(--ast-global-color-4)","background-image":"","background-repeat":"repeat","background-position":"center center","background-size":"auto","background-attachment":"scroll","background-type":"","background-media":"","overlay-type":"","overlay-color":"","overlay-opacity":"","overlay-gradient":""},"tablet":{"background-color":"","background-image":"","background-repeat":"repeat","background-position":"center center","background-size":"auto","background-attachment":"scroll","background-type":"","background-media":"","overlay-type":"","overlay-color":"","overlay-opacity":"","overlay-gradient":""},"mobile":{"background-color":"","background-image":"","background-repeat":"repeat","background-position":"center center","background-size":"auto","background-attachment":"scroll","background-type":"","background-media":"","overlay-type":"","overlay-color":"","overlay-opacity":"","overlay-gradient":""}},"ast-content-background-meta":{"desktop":{"background-color":"var(--ast-global-color-5)","background-image":"","background-repeat":"repeat","background-position":"center center","background-size":"auto","background-attachment":"scroll","background-type":"","background-media":"","overlay-type":"","overlay-color":"","overlay-opacity":"","overlay-gradient":""},"tablet":{"background-color":"var(--ast-global-color-5)","background-image":"","background-repeat":"repeat","background-position":"center center","background-size":"auto","background-attachment":"scroll","background-type":"","background-media":"","overlay-type":"","overlay-color":"","overlay-opacity":"","overlay-gradient":""},"mobile":{"background-color":"var(--ast-global-color-5)","background-image":"","background-repeat":"repeat","background-position":"center center","background-size":"auto","background-attachment":"scroll","background-type":"","background-media":"","overlay-type":"","overlay-color":"","overlay-opacity":"","overlay-gradient":""}},"footnotes":""},"aioseo_notices":[],"class_list":["post-248","page","type-page","status-publish","hentry"],"_links":{"self":[{"href":"https:\/\/coraf.org.br\/index.php\/wp-json\/wp\/v2\/pages\/248"}],"collection":[{"href":"https:\/\/coraf.org.br\/index.php\/wp-json\/wp\/v2\/pages"}],"about":[{"href":"https:\/\/coraf.org.br\/index.php\/wp-json\/wp\/v2\/types\/page"}],"author":[{"embeddable":true,"href":"https:\/\/coraf.org.br\/index.php\/wp-json\/wp\/v2\/users\/1"}],"replies":[{"embeddable":true,"href":"https:\/\/coraf.org.br\/index.php\/wp-json\/wp\/v2\/comments?post=248"}],"version-history":[{"count":8,"href":"https:\/\/coraf.org.br\/index.php\/wp-json\/wp\/v2\/pages\/248\/revisions"}],"predecessor-version":[{"id":391,"href":"https:\/\/coraf.org.br\/index.php\/wp-json\/wp\/v2\/pages\/248\/revisions\/391"}],"wp:attachment":[{"href":"https:\/\/coraf.org.br\/index.php\/wp-json\/wp\/v2\/media?parent=248"}],"curies":[{"name":"wp","href":"https:\/\/api.w.org\/{rel}","templated":true}]}}